-12.
3
Suppose -4*k + 5 = 3*q, 6*q - 2*q + 10 = 3*k. Suppose 4*o + l = 111, 66 = k*o + l + 3*l. What are the prime factors of o?
3
Suppose 29 = -y + 2*y - 3*s, 5*y - 5*s = 95. List the prime factors of y.
2, 7
Suppose -3*n + 14 = -6*v + 7*v, -2*n + 2*v = -4. Suppose -2*d = -5*k - 24, -2*k + n - 17 = -d. What are the prime factors of d?
17
Suppose 0 = 5*i + 5*a + 575, 472 = -4*i + a + a. Let w = 213 + i. List the prime factors of w.
2, 3
Let w(x) be the second derivative of x**5/20 + x**4/12 + x**3/6 + 8*x**2 + 8*x. Suppose 0*z = -2*l - 3*z + 15, -5*z = -3*l - 25. List the prime factors of w(l).
2
Let v be (-5 - (-8)/2)/(-1). What are the prime factors of (6/(-27))/v - 92/(-9)?
2, 5
Suppose 4*a - 1057 = w + 1271, -a + 2*w + 575 = 0. List the prime factors of a.
11, 53
Let v be 1/(3 - 10/4). Let l(o) = -o - 4. Let s be l(v). List the prime factors of s/9 - 98/(-3).
2
Suppose 15*k + 36*k = 110517. List the prime factors of k.
11, 197
Let o(t) = 6*t**2 - 2*t - 1. Let u be o(-1). Suppose u*p - 451 = 130. What are the prime factors of p?
83
Let y(p) = p**3 - 10*p**2 - 11*p + 3. Let w be y(11). Suppose 0 = 2*d - 5*t - 131, -5*d - w*t + 290 = -8*t. What are the prime factors of d?
53
Let d = 54 - 190. What are the prime factors of (-5)/((-20)/d)*-1?
2, 17
What are the prime factors of -3*31/(186/(-812))?
2, 7, 29
Let c(i) = -12*i**3 - 7*i - 21. What are the prime factors of c(-4)?
5, 31
List the prime factors of 1/(357/354 - 1).
2, 59
Let j = -16 - -18. Suppose -j*x + 0*x + 10 = 0. What are the prime factors of x?
5
Let d be ((-4)/(-6))/((-8)/(-348) + 0). Suppose -d = 11*x - 12*x. List the prime factors of x.
29
Suppose -21 = 3*a - 27. Suppose 0 = -a*d + 2, -5*d - 60 = -3*v - 8*d. List the prime factors of v.
19
Suppose 3*i - 6 = -0*i. Suppose -46 = -i*f - 2*s - 3*s, -f + s = -37. Let x = 107 - f. What are the prime factors of x?
2, 37
Let v = 3 + 2. Suppose -v*h + 1881 = 666. What are the prime factors of (6/(-9))/((-6)/h)?
3
Suppose -75*a - 3822 = -82*a. What are the prime factors of a?
2, 3, 7, 13
Let k = 4 + -11. Let m(c) = -c**2 - 14*c - 6. List the prime factors of m(k).
43
Suppose -31*v + 10*v + 18774 = 0. List the prime factors of v.
2, 3, 149
Let o(p) = -p**2 + 24*p - 99. What are the prime factors of o(16)?
29
Suppose -b = b - 5*q + 224, -594 = 5*b - 4*q. Let f = -85 - b. Suppose -u + 5*o - 9 = -f, -2*u = o - 89. What are the prime factors of u?
43
Let t be (-18)/(-4)*(-100)/(-6). Let z(o) = 2*o**2 - 15*o + 13. Let c be z(11). Suppose 36 = 2*j + 4*f, 5*f + c = 5*j - t. List the prime factors of j.
2, 7
Let w be (2 - (-2 - 1))*12/20. Suppose -w*m - 12 = 0, 0 = -5*g - 3*m + 6*m + 127. List the prime factors of g.
23
Let z = -91 + 148. Suppose -14*r = -17*r + z. What are the prime factors of r?
19
Let b be 66/21 + 2/(-14). Suppose -5*s - 3*f - 5 = 2*f, 0 = 4*s + b*f. Suppose -2*o - 4*v = -44, 69 = s*o + 4*v - 3. List the prime factors of o.
2, 7
Let h = 972 - 126. Suppose -5*a - h = -8*a. List the prime factors of a.
2, 3, 47
Let f(g) = -g**2 - 2*g - 1. Let l be f(-3). Let c = 24 + l. What are the prime factors of c?
2, 5
Let k = 23 - 20. Suppose k*b = b + 126. List the prime factors of b.
3, 7
Suppose 12*n = 14*n - 2266. What are the prime factors of n?
11, 103
Suppose 355*i = 351*i + 744. List the prime factors of i.
2, 3, 31
Let w(j) = 75*j**2 + 38*j - 156. What are the prime factors of w(4)?
2, 13, 23
Let t(u) = 17*u - 8. Let v be t(5). Let x = 114 - v. List the prime factors of x.
37
Suppose -p - 3*p + 2315 = -x, 5*p + x - 2896 = 0. List the prime factors of p.
3, 193
Suppose -3*l + 17 = -25. List the prime factors of (-48)/168 - (-298)/l.
3, 7
Let b(x) = x**3 - 16*x**2 - 18*x + 5. Let t be b(16). Let y = -121 - t. List the prime factors of y.
2, 3
Suppose -5*w = -2*t - 27, 5*t - 4*t = -w - 3. List the prime factors of t/(-21) + (-572)/(-7).
2, 41
Suppose 4721 - 1457 = 4*q. What are the prime factors of q?
2, 3, 17
Let r(y) = -17*y - 12. Let f(m) = -2*m**3 + 5*m**2 - 6*m + 3. Let g be f(2). List the prime factors of r(g).
73
Let t(p) = -p**3 - 2*p**2 - 6*p - 10. Let a = 25 + -29. What are the prime factors of t(a)?
2, 23
Let r = -11 + 37. Suppose 124 = 2*p + q + r, p - 3*q - 56 = 0. What are the prime factors of p?
2, 5
Suppose 41*x - 91*x + 96400 = 0. List the prime factors of x.
2, 241
Suppose -2*a + 0 = -q - 2, 5*q = -2*a + 26. Suppose 157 = q*s - 5*i, 0 = -5*i - 31 + 6. List the prime factors of s.
3, 11
Suppose 2*z = -18 - 2. Let b be ((-8)/(-6))/((-2784)/(-198) - 14). Let k = z + b. List the prime factors of k.
2, 3
Let y(k) = 3*k**2 - k + 50. Suppose -3*l - 5*m - 20 = 0, -3*m + 4 = -3*l - 4*m. List the prime factors of y(l).
2, 5
Suppose -3*y = -4*v + 39 + 149, 0 = -2*v + 2*y + 94. List the prime factors of v.
47
Suppose -2798*g = -2820*g + 92818. What are the prime factors of g?
4219
Let t(k) = k**2 - 9*k + 17. Suppose 5*s = 4*p + 31, -4*s + 3*s + 9 = 2*p. Let y be t(s). Suppose y*r = -2*r + 30. What are the prime factors of r?
2, 3
Suppose -l + 4*p + 130 = -33, 5*l - 739 = p. Suppose -2*x = -2*y + 35 - l, 0 = 3*x + 5*y - 144. List the prime factors of x.
53
Suppose -4*y = -29 + 117. Let u = 34 + y. List the prime factors of u.
2, 3
Suppose 7*z + 1032 = 10*z. List the prime factors of z.
2, 43
Let k(n) = n**2 - 21*n - 138. What are the prime factors of k(31)?
2, 43
Let q be (1*-1)/((-8)/(-152)). Suppose -188 = -4*z + 8*z. Let x = q - z. What are the prime factors of x?
2, 7
Let j = -37 + 41. List the prime factors of j + 124 + 0 + -3.
5
Suppose -2*r - g - 6 = 2, 10 = -4*r + g. Let q be r/(-15) - 972/(-15). Let o = -39 + q. What are the prime factors of o?
2, 13
Let t = -1 - -5. Suppose -2*m = 5*y - 95, 3*y + 71 = t*m - 2*m. List the prime factors of m.
2, 5
Let d(k) = -k**3 + 7*k**2 - 5*k. Suppose -5*x - 5*y + 60 = 0, 0*y - 5*y = -5*x + 100. Suppose o + 12 = x. What are the prime factors of d(o)?
2, 7
Suppose 0 = 112*v - 96*v - 13760. List the prime factors of v.
2, 5, 43
Suppose 0*o - t = -o + 99, -4*t - 292 = -3*o. List the prime factors of o.
2, 13
Let n = -6 + 21. List the prime factors of n.
3, 5
Let q(t) = -2*t**3 + 64*t**2 + 216*t - 64. List the prime factors of q(34).
2, 83
List the prime factors of 15863/58 - 2/(-4).
2, 137
Suppose 11*t - 2*t = 20475. What are the prime factors of t?
5, 7, 13
Let o(c) = -13*c**2 - 5*c + 1. Let q be o(-6). Let n = -279 - q. List the prime factors of n.
2, 79
Let m(t) = 16*t + 4. Let h(r) = -17*r - 4. Let a(s) = -5*h(s) - 6*m(s). Suppose 0 = -q - 2*f + 2, 15 = -3*q - f + 2*f. What are the prime factors of a(q)?
2, 5
List the prime factors of 4 + -8 + 14 + 4939.
7, 101
Suppose 5411 = a + 2*u, 8*a - 6*a - 2*u = 10798. List the prime factors of a.
3, 1801
Suppose -98 = -2*z + 78. What are the prime factors of z?
2, 11
Let j be (-1 + 2 + -4)/((-3)/9). What are the prime factors of 709/j + 10/45?
79
Let d(l) = l**2 - 2*l + 1. Let c be d(3). Let w = 1 + c. Suppose -t + 17 + w = 0. List the prime factors of t.
2, 11
Let r(t) = -t**3 - 11*t**2 + 3*t + 11. Let y be r(-11). Let x = 25 + y. Suppose 4*u - k - 24 = x*k, -5*u = -2*k - 39. What are the prime factors of u?
3
Suppose -75 - 21 = -2*t - 2*h, -3*t + 5*h + 128 = 0. Let s = t - 66. Let l = -15 - s. List the prime factors of l.
5
Let r(t) = -6*t - 12. Let z be r(-7). Let w = 63 - z. List the prime factors of w.
3, 11
Suppose 6*o + 1681 = 7231. List the prime factors of o.
5, 37
Suppose -5*p = 4*c - 215, -3*p + 4*c + 35 + 62 = 0. What are the prime factors of p?
3, 13
Let t(c) = -c**3 - c**2 + 6*c + 7. Let m be 4*-1 - (-2 + 1). Let r be t(m). Suppose 140 = 3*n - 5*g, 4*g = -9 - r. What are the prime factors of n?
2, 5
Let o(z) be the third derivative of z**8/6720 + 2*z**5/15 + z**4/12 + 4*z**2. Let n(s) be the second derivative of o(s). What are the prime factors of n(0)?
2
Suppose 0 = -5*b - 59 + 1359. Suppose 0 = -27*o + 26*o + b. List the prime factors of o.
2, 5, 13
Let g(d) = 4*d. Let a(o) = o**2 - 5*o - 1. Let m(l) = 4*a(l) + 5*g(l). List the prime factors of m(-3).
2
Suppose 4*r + 3*d = 17784, -4446 = 16*r - 17*r - 5*d. Suppose 0 = 16*a + 3*a - r. List the prime factors of a.
2, 3, 13
Let j be (36/12)/(6/484). Suppose 1130 = 8*n + j. List the prime factors of n.
3, 37
Let w = 16 + -19. List the prime factors of (4/w)/(18/(-189)).
2, 7
L